1100011
In base 16, what is -2af + da?
-1d5
In base 14, what is 9 + 14911?
1491a
In base 10, what is 2077 - -184?
2261
In base 4, what is 111222 - 203?
111013
In base 14, what is a6275 - -4?
a6279
In base 4, what is -3 + -3331123?
-3331132
In base 6, what is -2 + -4552454?
-4552500
In base 13, what is -36 - 7cb?
-834
In base 15, what is -7da + 4?
-7d6
In base 9, what is -154751 - 2?
-154753
In base 2, what is -1011 - -10111111100?
10111110001
In base 15, what is -3 + -d5de2?
-d5de5
In base 9, what is -4 + 4014867?
4014863
In base 10, what is -869226 + -2?
-869228
In base 6, what is -34541 - -20?
-34521
In base 15, what is -508c - -8?
-5084
In base 11, what is 1577 - -1211?
2788
In base 12, what is 17497a + -4?
174976
In base 10, what is -2 - -508587?
508585
In base 8, what is -115 - 110466?
-110603
In base 5, what is -13423233 - -11?
-13423222
In base 12, what is -348a7 - 2a?
-34915
In base 9, what is -4 + -67420?
-67424
In base 11, what is -3 - a730?
-a733
In base 3, what is -12 + -102201012?
-102201101
In base 10, what is 820627 - -3?
820630
In base 5, what is 1 - -434310?
434311
In base 14, what is -3d23c + 1?
-3d23b
In base 4, what is -33231222 - -12?
-33231210
In base 7, what is 13641 + -12?
13626
In base 6, what is -1522 - 15455?
-21421
In base 12, what is 5bb + 25?
624
In base 5, what is -22404 + -11312?
-34221
In base 12, what is 728 + -100?
628
In base 5, what is 41 + 2314013?
2314104
In base 14, what is 10c38b + -5?
10c386
In base 6, what is -115 - -4500?
4341
In base 10, what is -3 - 8673?
-8676
In base 11, what is -1207 - 472?
-1679
In base 13, what is 35 - 269?
-234
In base 7, what is 536324 - 3?
536321
In base 13, what is -1153 - 90?
-1213
In base 2, what is 10010000001110 + 1001?
10010000010111
In base 15, what is 112e5 + 0?
112e5
In base 6, what is -4 - 3445123?
-3445131
In base 10, what is 121677 + -5?
121672
In base 15, what is -ee + 40?
-ae
In base 3, what is -21 + 1000012101011?
1000012100220
In base 9, what is 84235 + -5?
84230
In base 13, what is 232c - 4?
2328
In base 8, what is 2021304 + 0?
2021304
In base 3, what is 11 + -1210012111?
-1210012100
In base 13, what is 1215b + -20?
1213b
In base 14, what is -94b - 4?
-951
In base 8, what is -6 - -436721?
436713
In base 13, what is -184 - -160?
-24
In base 4, what is 10 + 3220030?
3220100
In base 11, what is -15993 - -2?
-15991
In base 4, what is 333203203 + 11?
333203220
In base 14, what is 3 - -b8d1?
b8d4
In base 9, what is -13242 - -43?
-13188
In base 7, what is -526253 - 3?
-526256
In base 7, what is -150 - -430?
250
In base 4, what is 10010223 - -12223?
10023112
In base 7, what is -1 - -1261520?
1261516
In base 13, what is -4 + -8091?
-8095
In base 6, what is -15540 + 51?
-15445
In base 7, what is 204 - 33046?
-32542
In base 15, what is 28aa + c7?
2982
In base 5, what is 33 + 11124?
11212
In base 16, what is -74 - 10a8?
-111c
In base 9, what is 5 + -28064?
-28058
In base 13, what is 22 - 4992?
-4970
In base 7, what is -623 + -34?
-660
In base 5, what is 131142 - 231?
130411
In base 8, what is -3213160 - -5?
-3213153
In base 5, what is 114 - 32233?
-32114
In base 7, what is -6121 + -551?
-10002
In base 15, what is -1894 + -a?
-189e
In base 4, what is 323310213 + 10?
323310223
In base 12, what is 286 + -1b92?
-1908
In base 7, what is -16 - -213146?
213130
In base 3, what is 11022212201 - 11?
11022212120
In base 9, what is 11 - 2050?
-2038
In base 4, what is 1103220 - 30?
1103130
In base 10, what is -5 - 132135?
-132140
In base 10, what is 40 - -1641?
1681
In base 9, what is 5 - -1405408?
1405414
In base 15, what is -130d9 - 3?
-130dc
In base 10, what is 52002 - 2?
52000
In base 4, what is -13101 - -11?
-13030
In base 16, what is 18 - 2fa5?
-2f8d
In base 7, what is 5 - 36540?
-36532
In base 12, what is -12946 + 4?
-12942
In base 14, what is 133 - -1d0?
323
In base 10, what is 58 - -230?
288
In base 2, what is -11010101110101 + 11011?
-11010101011010
In base 10, what is 795 - 66?
729
In base 7, what is 1 - 10112620?
-10112616
In base 10, what is 2 - 10744?
-10742
In base 10, what is -2290 - 1889?
-4179
In base 5, what is -2123113 + 2?
-2123111
In base 16, what is -5 + -264b?
-2650
In base 15, what is -2c2b91 - -4?
-2c2b8c
In base 5, what is 4314 + -243110?
-233241
In base 16, what is -2 - -11f1e5?
11f1e3
In base 12, what is 6 - -13405?
1340b
In base 2, what is 1 + -10110001101101010010?
-10110001101101010001
In base 9, what is 41 - -36441?
36482
In base 8, what is 36 + 215236?
215274
In base 8, what is -20 + -173714?
-173734
In base 8, what is 2010 - 4656?
-2646
In base 9, what is 1 - -74341?
74342
In base 6, what is -1 + 243214?
243213
In base 9, what is 1660 + -60?
1600
In base 12, what is 303 - a32?
-72b
In base 6, what is 32 + -55405?
-55333
In base 12, what is 1 + 8551?
8552
In base 4, what is -1021012210 - 1?
-1021012211
In base 3, what is 1 + 121212210?
121212211
In base 16, what is 86 - 25b?
-1d5
In base 4, what is -123 + 2123013?
2122230
In base 14, what is -67 + -101?
-168
In base 7, what is 30 + 11626?
11656
In base 11, what is 628a7 - -4?
62900
In base 6, what is -50 + -4412?
-4502
In base 4, what is 2110212123 - 0?
2110212123
In base 16, what is -28 - -350?
328
In base 15, what is 1342 + 127?
1469
In base 15, what is -3 + -a40?
-a43
In base 14, what is 1d - -9003?
9022
In base 9, what is 60 + -253?
-183
In base 12, what is 28410 + 1?
28411
In base 11, what is -199aa3 + 18?
-199a86
In base 8, what is 5 - -22451?
22456
In base 13, what is -390c9 + 7?
-390c2
In base 4, what is 3 + 1231201030?
1231201033
In base 7, what is -44 + 160?
113
In base 9, what is -1831 + 2040?
108
In base 14, what is -1937b + -29?
-193a6
In base 16, what is 0 + -5496?
-5496
In base 11, what is 422 + 543?
965
In base 9, what is 4 + -4678?
-4674
In base 15, what is 1175 + -95d?
717
In base 3, what is -1110 - 212100?
-220210
In base 3, what is 10021120 - 12100?
10002020
In base 6, what is 133 + 11505?
12042
In base 2, what is -11011011 - 1110101110101?
-1111001010000
In base 11, what is -24 - -209?
195
In base 7, what is -44 + 1362404?
1362330
In base 10, what is -561 - 43?
-604
In base 8, what is -41 + -70234?
-70275
In base 4, what is -111 + 32001302?
32001131
In base 15, what is -9 - 9d0e8?
-9d102
In base 8, what is 450 - -4545?
5215
In base 2, what is 101 + 1011110111010101?
1011110111011010
In base 12, what is -3132 + -18b?
-3301
In base 6, what is 1 + 102320?
102321
In base 2, what is -111100 + -11110010011?
-11111001111
In base 4, what is -11223 + -112?
-12001
In base 6, what is 45533 + 130?
50103
In base 10, what is -5 + 42427?
42422
In base 12, what is -203a6 - -22?
-20384
In base 9, what is -242833 - 1?
-242834
In base 7, what is 5045 - 202?
4543
In base 10, what is 184319 - 5?
184314
In base 6, what is 550243 - 5?
550234
In base 5, what is 3142321 - 0?
3142321
In base 13, what is -bb4b - 27?
-bb75
In base 4, what is -11012 - -23103?
12031
In base 5, what is -140433 - 1334?
-142322
In base 15, what is 12 + -c7d4?
-c7c2
In base 4, what is -10 - -13202101?
13202031
In base 16, what is 61c - -105?
721
In base 7, what is -1202433 + 3?
-1202430
In base 4, what is -2 + 20220211?
20220203
In base 8, what is 174 - -52?
246
In base 16, what is -d + -b91?
-b9e
In base 10, what is 44591 + 3?
44594
In base 14, what is 194d7 + 20?
19517
In base 16, what is 3b09 - -5?
3b0e
In base 5, what is -103012 - -142?
-102320
In base 3, what is -1 + -1020101001?
-1020101002
In base 7, what is -2 + 62023?
62021
In base 15, what is 621 - -46?
667
In base 13, what is -a - 1219?
-1226
In base 3, what is -11000111 + 2110?
-10221001
In base 2, what is 11101010000110 + -11101?
11101001101001
In base 14, what is 146 + -43c?
-2d6
In base 2, what is -100 + 1001000111101100100?
1001000111101100000
In base 2, what is -110 + 100001000110011?
100001000101101
In base 6, what is 11 + 10144020?
10144031
In base 14, what is -4d8271 + -3?
-4d8274
In base 15, what is -20e + d7?
-127
In base 16, what is -4 - 111a?
-111e
In base 13, what is -2861ba - 3?
-2861c0
In base 4, what is -11011 - -1100?
-3311
In base 3, what is 10201102 - 1?
10201101
In base 5, what is 12 + 3221014?
3221031
In base 15, what is -1 + 182d1?
182d0
In base 13, what is -6 - -110b?
1105
In base 13, what is 280 + 22?
2a2
In base 8, what is -111 + -3615?